{"id":781,"date":"2021-02-22T14:09:24","date_gmt":"2021-02-22T13:09:24","guid":{"rendered":"https:\/\/www.theatre-du-corps.com\/formation\/?page_id=781"},"modified":"2021-02-22T14:09:24","modified_gmt":"2021-02-22T13:09:24","slug":"mention-legales","status":"publish","type":"page","link":"https:\/\/www.theatre-du-corps.com\/formation\/mention-legales\/","title":{"rendered":"mention-legales"},"content":{"rendered":"<p>[et_pb_section fb_built=\u00a0\u00bb1&Prime; _builder_version=\u00a0\u00bb4.9.0&Prime; _module_preset=\u00a0\u00bbdefault\u00a0\u00bb background_color=\u00a0\u00bb#0D25DF\u00a0\u00bb hover_enabled=\u00a0\u00bb0&Prime; sticky_enabled=\u00a0\u00bb0&Prime;][et_pb_row _builder_version=\u00a0\u00bb4.8.2&Prime; custom_padding=\u00a0\u00bb0|0px|29.6875px|0px|false|false\u00a0\u00bb hover_enabled=\u00a0\u00bb0&Prime; locked=\u00a0\u00bboff\u00a0\u00bb sticky_enabled=\u00a0\u00bb0&Prime;][et_pb_column type=\u00a0\u00bb4_4&Prime; saved_specialty_column_type=\u00a0\u00bb2_3&Prime; _builder_version=\u00a0\u00bb3.25&Prime; custom_padding=\u00a0\u00bb|||\u00a0\u00bb custom_padding__hover=\u00a0\u00bb|||\u00a0\u00bb][et_pb_text _builder_version=\u00a0\u00bb4.9.0&Prime; _module_preset=\u00a0\u00bb94e82e3b-4b47-42e2-90e4-f33e654108dc\u00a0\u00bb hover_enabled=\u00a0\u00bb0&Prime; sticky_enabled=\u00a0\u00bb0&Prime; text_text_color=\u00a0\u00bb#FF2B2B\u00a0\u00bb]<\/p>\n<h2><span style=\"color: #ff2b2b;\">Mentions l\u00e9gales<\/span><\/h2>\n<p>[\/et_pb_text][et_pb_divider divider_weight=\u00a0\u00bb3px\u00a0\u00bb _builder_version=\u00a0\u00bb4.9.0&Prime; max_width=\u00a0\u00bb50px\u00a0\u00bb hover_enabled=\u00a0\u00bb0&Prime; sticky_enabled=\u00a0\u00bb0&Prime; color=\u00a0\u00bb#FF2B2B\u00a0\u00bb][\/et_pb_divider][\/et_pb_column][\/et_pb_row][et_pb_row _builder_version=\u00a0\u00bb4.9.0&Prime; _module_preset=\u00a0\u00bbdefault\u00a0\u00bb][et_pb_column _builder_version=\u00a0\u00bb4.9.0&Prime; _module_preset=\u00a0\u00bbdefault\u00a0\u00bb type=\u00a0\u00bb4_4&Prime;][et_pb_text _builder_version=\u00a0\u00bb4.9.0&Prime; _module_preset=\u00a0\u00bbdefault\u00a0\u00bb background_color=\u00a0\u00bbRGBA(0,0,0,0)\u00a0\u00bb hover_enabled=\u00a0\u00bb0&Prime; sticky_enabled=\u00a0\u00bb0&Prime; text_text_color=\u00a0\u00bb#FFFFFF\u00a0\u00bb]<\/p>\n<p><b>Responsabilit\u00e9<span>\u00a0<\/span><\/b><\/p>\n<p><span>Malgr\u00e9 tous les efforts consentis pour assurer la fiabilit\u00e9 des informations contenues dans ce site, le CFA Pietragalla &#8211; Derouault ne saurait \u00eatre tenu pour responsable d&rsquo;erreurs ou d&rsquo;omissions ni de l&rsquo;usage qui pourrait \u00eatre fait de ces informations.\u00a0<\/span><\/p>\n<p><span>Le CFA Pietragalla &#8211; Derouault se r\u00e9serve le droit de modifier tout ou partie des informations contenues dans les pages du pr\u00e9sent site web sans notification pr\u00e9alable (textes, photos).\u00a0<\/span><\/p>\n<p><span>La pr\u00e9sence de liens hypertextes dans les pages du pr\u00e9sent site renvoyant sur des sites web tierces n&rsquo;engage en rien le CFA Pietragalla &#8211; Derouault sur le contenu qui pourrait y \u00eatre propos\u00e9, ni de l&rsquo;utilisation qui pourrait \u00eatre faite des donn\u00e9es s&rsquo;y rapportant.\u00a0<\/span><\/p>\n<p><b>Cr\u00e9dits photos\/documents<span>\u00a0<\/span><br \/> <\/b><span><\/span><br \/> <span>Toute utilisation\/reproduction des donn\u00e9es (textes, photos) contenues dans le pr\u00e9sent site (hors consultation par votre navigateur) doit faire l&rsquo;objet d&rsquo;une demande pr\u00e9alable aupr\u00e8s du CFA Pietragalla &#8211; Derouault.\u00a0<\/span><\/p>\n<p><b>Protection des donn\u00e9es<span>\u00a0<\/span><br \/> <\/b><span><\/span><br \/> <span>La loi \u00ab\u00a0Informatique et Libert\u00e9s\u00a0\u00bb du 6 janvier 1978 modifi\u00e9e par la loi du 6 ao\u00fbt 2004 encadre la mise en oeuvre des fichiers ou des traitements de donn\u00e9es \u00e0 caract\u00e8re personnel qu&rsquo;ils soient automatis\u00e9s ou manuels.\u00a0<\/span><\/p>\n<p><span>Vous disposez d&rsquo;un droit d&rsquo;acc\u00e8s, de modification, de rectification et de suppression des donn\u00e9es qui vous concernent (art. 34 de la loi \u00ab\u00a0Informatique et Libert\u00e9s\u00a0\u00bb). Vous pouvez l&rsquo;exercer par courrier en \u00e9crivant \u00e0 cette adresse :\u00a0<\/span><br \/> <span>LE CFA Pietragalla &#8211; Derouault\u00a0<\/span><br \/> <span>59 rue Marcelin Berthelot\u00a0<\/span><br \/> <span>944100 Alfortville\u00a0<\/span><\/p>\n<p>[\/et_pb_text][\/et_pb_column][\/et_pb_row][\/et_pb_section]<\/p>\n","protected":false},"excerpt":{"rendered":"<p>Mentions l\u00e9galesResponsabilit\u00e9\u00a0 Malgr\u00e9 tous les efforts consentis pour assurer la fiabilit\u00e9 des informations contenues dans ce site, le CFA Pietragalla &#8211; Derouault ne saurait \u00eatre tenu pour responsable d&rsquo;erreurs ou d&rsquo;omissions ni de l&rsquo;usage qui pourrait \u00eatre fait de ces informations.\u00a0 Le CFA Pietragalla &#8211; Derouault se r\u00e9serve le droit de modifier tout ou partie [&hellip;]<\/p>\n","protected":false},"author":1,"featured_media":0,"parent":0,"menu_order":0,"comment_status":"closed","ping_status":"closed","template":"","meta":{"_et_pb_use_builder":"on","_et_pb_old_content":"","_et_gb_content_width":"","footnotes":""},"class_list":["post-781","page","type-page","status-publish","hentry"],"_links":{"self":[{"href":"https:\/\/www.theatre-du-corps.com\/formation\/wp-json\/wp\/v2\/pages\/781","targetHints":{"allow":["GET"]}}],"collection":[{"href":"https:\/\/www.theatre-du-corps.com\/formation\/wp-json\/wp\/v2\/pages"}],"about":[{"href":"https:\/\/www.theatre-du-corps.com\/formation\/wp-json\/wp\/v2\/types\/page"}],"author":[{"embeddable":true,"href":"https:\/\/www.theatre-du-corps.com\/formation\/wp-json\/wp\/v2\/users\/1"}],"replies":[{"embeddable":true,"href":"https:\/\/www.theatre-du-corps.com\/formation\/wp-json\/wp\/v2\/comments?post=781"}],"version-history":[{"count":2,"href":"https:\/\/www.theatre-du-corps.com\/formation\/wp-json\/wp\/v2\/pages\/781\/revisions"}],"predecessor-version":[{"id":785,"href":"https:\/\/www.theatre-du-corps.com\/formation\/wp-json\/wp\/v2\/pages\/781\/revisions\/785"}],"wp:attachment":[{"href":"https:\/\/www.theatre-du-corps.com\/formation\/wp-json\/wp\/v2\/media?parent=781"}],"curies":[{"name":"wp","href":"https:\/\/api.w.org\/{rel}","templated":true}]}}